{"id":31,"date":"2022-05-16T20:21:43","date_gmt":"2022-05-16T20:21:43","guid":{"rendered":"https:\/\/svhu.ch\/?page_id=31"},"modified":"2026-02-11T19:34:38","modified_gmt":"2026-02-11T19:34:38","slug":"jungschuetzen","status":"publish","type":"page","link":"https:\/\/svhu.ch\/index.php\/jungschuetzen\/","title":{"rendered":"Jungsch\u00fctzen"},"content":{"rendered":"\n<p><\/p>\n\n\n\n<p>Der Jungsch\u00fctzenkurs ist eine vordienstliche Schiessausbildung am Sturmgewehr 90 und eine geeignete Vorbereitung f\u00fcr die Rekrutenschule. <\/p>\n\n\n\n<p>Der Kurs soll aber auch die Begeisterung am sportlichen Schiessen wecken und ist deshalb eine wertvolle Freizeitbesch\u00e4ftigung zur F\u00f6rderung der Kameradschaft und des<br>Wettkampfgeistes.<\/p>\n\n\n\n<p>Der Sch\u00fctzenverein Herznach-Ueken f\u00fchrt auch dieses Jahr wieder einen Jungsch\u00fctzenkurs durch. Die Kursdaten sind weiter unten auf dieser Seite.<\/p>\n\n\n\n<p><\/p>\n\n\n\n<p><strong>Kontakt Jungsch\u00fctzenleiter: Cyrill Blaser<\/strong>: <a href=\"mailto:cyrill-blaser@bluewin.ch\">cyrill-blaser@bluewin.ch<\/a><\/p>\n\n\n\n<p><strong>Kursbeginn: 10.03.2025<\/strong><\/p>\n\n\n\n<figure class=\"wp-block-table\"><table class=\"has-fixed-layout\"><tbody><tr><td>Datum<\/td><td>Event<\/td><td>Zeit<\/td><td>Ort<\/td><\/tr><tr><td>Mo 09.03.2026<\/td><td>Jungsch\u00fctzenkurs Theorie 1<\/td><td>18:30<\/td><td>Mehrzweckraum Ueken<\/td><\/tr><tr><td>Di 17.03.2026<\/td><td>Jungsch\u00fctzenkurs Theorie 2<\/td><td>18.30-20.30<\/td><td>SA Felsen, Herznach<\/td><\/tr><tr><td>Sa 04.04.2026<\/td><td>Jungsch\u00fctzenkurs Schiesstag 1<\/td><td>10.00-12.00<\/td><td>SA Felsen, Herznach<\/td><\/tr><tr><td>Mi 15.04.2026<\/td><td>Jungsch\u00fctzenkurs Schiesstag 2<\/td><td>18.30-20.30<\/td><td>SA Felsen, Herznach<\/td><\/tr><tr><td>Sa 25.04.2026<\/td><td>Jungsch\u00fctzenkurs Schiesstag 3<\/td><td>10.00-12.00<\/td><td>SA Felsen, Herznach<\/td><\/tr><tr><td>Mo 04.05.2026<\/td><td>Jungsch\u00fctzenkurs Schiesstag 4<\/td><td>18.30-20.30<\/td><td>SA Felsen, Herznach<\/td><\/tr><tr><td>Mi 13.05.2026<\/td><td>Jungsch\u00fctzenkurs Schiesstag 5<\/td><td>18.30-20.30<\/td><td>SA Felsen, Herznach<\/td><\/tr><tr><td>Sa 23.05.2026<\/td><td>Jungsch\u00fctzenkurs Schiesstag 6<\/td><td>10.00-12.00<\/td><td>SA Felsen, Herznach<\/td><\/tr><tr><td>Sa 06.06.2026<\/td><td>Jungsch\u00fctzenkurs Schiesstag 7<\/td><td>10.00-12.00<\/td><td>SA Felsen, Herznach<\/td><\/tr><tr><td>Sa 27.06.2026<\/td><td>Jungsch\u00fctzenkurs Schiesstag 8<\/td><td>10.00-12.00<\/td><td>SA Felsen, Herznach<\/td><\/tr><tr><td>Sa 17.10.2026<\/td><td>Jungsch\u00fctzenkurs Gewehre putzen<\/td><td>10.00-12.00<\/td><td>SA Felsen, Herznach<\/td><\/tr><\/tbody><\/table><\/figure>\n\n\n\n<p><\/p>\n","protected":false},"excerpt":{"rendered":"<p>Der Jungsch\u00fctzenkurs ist eine vordienstliche Schiessausbildung am Sturmgewehr 90 und eine geeignete Vorbereitung f\u00fcr die Rekrutenschule. Der Kurs soll aber auch die Begeisterung am sportlichen Schiessen wecken und ist deshalb eine wertvolle Freizeitbesch\u00e4ftigung zur F\u00f6rderung der Kameradschaft und desWettkampfgeistes. Der Sch\u00fctzenverein Herznach-Ueken f\u00fchrt auch dieses Jahr wieder einen Jungsch\u00fctzenkurs durch. Die Kursdaten sind weiter unten &#8230; <a title=\"Jungsch\u00fctzen\" class=\"read-more\" href=\"https:\/\/svhu.ch\/index.php\/jungschuetzen\/\" aria-label=\"Mehr Informationen \u00fcber Jungsch\u00fctzen\">Weiterlesen<\/a><\/p>\n","protected":false},"author":1,"featured_media":0,"parent":0,"menu_order":0,"comment_status":"closed","ping_status":"closed","template":"","meta":{"footnotes":""},"class_list":["post-31","page","type-page","status-publish"],"_links":{"self":[{"href":"https:\/\/svhu.ch\/index.php\/wp-json\/wp\/v2\/pages\/31","targetHints":{"allow":["GET"]}}],"collection":[{"href":"https:\/\/svhu.ch\/index.php\/wp-json\/wp\/v2\/pages"}],"about":[{"href":"https:\/\/svhu.ch\/index.php\/wp-json\/wp\/v2\/types\/page"}],"author":[{"embeddable":true,"href":"https:\/\/svhu.ch\/index.php\/wp-json\/wp\/v2\/users\/1"}],"replies":[{"embeddable":true,"href":"https:\/\/svhu.ch\/index.php\/wp-json\/wp\/v2\/comments?post=31"}],"version-history":[{"count":9,"href":"https:\/\/svhu.ch\/index.php\/wp-json\/wp\/v2\/pages\/31\/revisions"}],"predecessor-version":[{"id":351,"href":"https:\/\/svhu.ch\/index.php\/wp-json\/wp\/v2\/pages\/31\/revisions\/351"}],"wp:attachment":[{"href":"https:\/\/svhu.ch\/index.php\/wp-json\/wp\/v2\/media?parent=31"}],"curies":[{"name":"wp","href":"https:\/\/api.w.org\/{rel}","templated":true}]}}